ivided by 22.
18
Suppose 3*r = -i - 3*i + 14, 0 = -i + 2. Calculate the remainder when (-2)/(-8) + 11/4 is divided by r.
1
Let q be 2*-2*1/2. Suppose 43 = f - 0*f. Calculate the remainder when f is divided by (1 - 6)/(q/6).
13
Let a(h) = 4*h - 17. Calculate the remainder when 75 is divided by a(14).
36
Suppose 2*o - 3*o + 41 = 0. What is the remainder when o is divided by 14?
13
Suppose 12 = g - 5*m, 2*g - 5*g = -5*m - 46. What is the remainder when 33 is divided by g?
16
Calculate the remainder when 55 is divided by (44/(-55))/(2/(-35)).
13
Let p(t) = -5 + t**3 - t + 5*t + 7*t**2 - 1 + 2*t. What is the remainder when 41 is divided by p(-5)?
13
Let s be 7/14 + 126/4. Suppose 2*j - s = -0*j. Suppose -f = f - j. What is the remainder when f is divided by 3?
2
Let a(g) be the third derivative of g**6/120 - g**5/10 - g**4/8 - g**3/3 + 2*g**2. What is the remainder when a(7) is divided by 9?
8
Let y = -73 + 126. Calculate the remainder when y is divided by 14.
11
Let t = -4 - -6. Let j(z) = -z**2 - 12*z + 14 - 7*z**2 - 4*z**2 + 2*z - z**3. What is the remainder when j(-11) is divided by t?
1
Let v = 8 - 6. Let z(y) = -2*y**2 + y**2 + 11 + 7*y + 4*y**2 - 2*y**v. Calculate the remainder when z(-11) is divided by 14.
13
Let x(i) = 14*i**2 + i + 1. Suppose -3*s + 4*o + 20 = 0, 0 - 4 = 2*o. Calculate the remainder when x(-1) is divided by s.
2
What is the remainder when ((-4)/(-3))/((-2)/(-159)) is divided by 27?
25
Suppose 5*f + y + 54 = 5*y, -47 = 5*f + 3*y. Let n be 8/f*40/(-16). What is the remainder when 25 is divided by -1*(1 - n) - -8?
7
Let k be -102*1/(-6)*2. Suppose d = -d + k. What is the remainder when 31 is divided by d?
14
Suppose -2*f - b + 5*b = -72, -4*b = 0. What is the remainder when f is divided by 19?
17
Suppose -4*w - 23 = -5*i, 2 = -4*w + 3*w. Suppose 0 = u - 2*j - 20 - 6, 5*j = -i*u + 78. Calculate the remainder when u is divided by 9.
8
Let z(x) = -x**3 - 12*x**2 - x - 2. Let h = 1 - 13. Calculate the remainder when z(h) is divided by 4.
2
Suppose -7*b - 3*h = -6*b - 40, -4*b + 160 = 2*h. What is the remainder when 239 is divided by b?
39
Let t = 131 + -75. What is the remainder when t/9 - (-14)/(-63) is divided by 3?
0
Suppose -5*z - 3 = u, 2*z = -0*u - u + 12. Calculate the remainder when 62 is divided by u.
18
Suppose 3*q - 330 = -3*q. Calculate the remainder when q is divided by 28.
27
What is the remainder when 6 is divided by (8/(-14))/(2/(-7))?
0
Let z be (-92)/(-20) - (-2)/5. Suppose -m = -6*n + n - 87, 2*m + z*n = 174. Suppose 4*x + 31 = m. What is the remainder when 40 is divided by x?
12
Let z = 15 - 10. Suppose c + 2 + 1 = 0, -z*w - 2*c + 129 = 0. What is the remainder when 79 is divided by w?
25
Suppose -3*m - 5*s = -24, -32 = -4*m - 0*m - s. Suppose -5*k + 84 = -k. What is the remainder when k is divided by m?
5
Suppose -6*f = -4*f - 16. What is the remainder when 14 is divided by f?
6
Calculate the remainder when 37 is divided by (-86)/(-10) - (-21)/(-35).
5
Suppose 16 = 3*c - 11. What is the remainder when c is divided by 5?
4
Let a be (2/5)/(4/(-80)). Let n be ((-6)/a)/(4/32). Let q = -4 + n. Calculate the remainder when 4 is divided by q.
0
Let x = -1 - -27. Calculate the remainder when 100 is divided by x.
22
Let s = 7 - 2. What is the remainder when s is divided by 2?
1
Let i(w) = -w**2 + 12*w + 1. Suppose -15 = 5*r - 45. Suppose r + 24 = 3*g. What is the remainder when i(g) is divided by 6?
3
What is the remainder when (-92)/(-9) + (-14)/63 is divided by 6?
4
Calculate the remainder when 56 is divided by 102/(5 + -2) - 3.
25
Let u be 15/9 - (-2)/6. Suppose -27 - 18 = -s - u*w, 5*w = s - 10. What is the remainder when s is divided by 12?
11
Suppose 0*h = h - 43. What is the remainder when h is divided by 15?
13
Suppose j - 13*j = -108. What is the remainder when (2/4)/((-1)/(-50)) is divided by j?
7
Let b = 12 + -5. Let y(g) = -g**2 - 7*g + 4. Let t be y(-6). Suppose -1 = 3*q - t. What is the remainder when b is divided by q?
1
Let w be 26/(-4)*(0 + -4). Let i = w - 1. Calculate the remainder when i is divided by (15/25)/((-1)/(-15)).
7
Let x(f) = -f**2 + f + 15. Suppose -5*n + 9 + 6 = 0. Suppose -n*z = -4*z + 44. Calculate the remainder when z is divided by x(0).
14
Let k(f) = f + 8. Let t be k(0). Suppose -l - 3*l = -t. What is the remainder when 4 is divided by l?
0
What is the remainder when 378/8 - 2/8 is divided by 35/3 + 2/6?
11
Suppose 0*k + k - 45 = -2*i, i - 24 = k. Suppose 3*t = -5*q + i, -t - q + 21 = -6*q. Let o = 48 + -27. What is the remainder when o is divided by t?
10
Let h = 9 - -9. What is the remainder when 69 is divided by h?
15
Suppose 0*h + 4*m + 12 = -h, 4*h + 2*m - 22 = 0. What is the remainder when 17 is divided by h?
1
Let x(p) = p**2. Suppose -f + b - 8 = -77, -5*b + 93 = f. Suppose 6*y - 5*n - f = 3*y, -6 = -y - 2*n. What is the remainder when y is divided by x(3)?
7
Let p(a) = 11*a**2 + a. Calculate the remainder when 28 is divided by p(-1).
8
Let d(j) = -j + 7. Let c be d(-8). Let n be (c/10)/(1/2). Suppose 0 = -n*f - 2*h + 28, -4*h + 33 + 13 = 5*f. Calculate the remainder when 18 is divided by f.
8
Let t = -6 + 9. Suppose -6*i + i - 85 = -2*u, -i - 1 = 0. Suppose -23*c + 28*c = u. What is the remainder when c is divided by t?
2
Let j be -9*((-14)/(-6) - 3). Suppose -6*v = -3*v - j. Suppose -7 = -2*l + 3*f, -7 = -3*l - f - v. What is the remainder when 5 is divided by l?
1
Let n be 0*3/12 + 71. Suppose -22 = 4*b + 3*s - n, -2*s - 2 = 0. What is the remainder when 24 is divided by b?
11
Suppose u = -o - 18 + 39, 0 = -4*o + 4*u + 68. Calculate the remainder when o is divided by 11.
8
Suppose -59 = -5*k + 26. Suppose j + 0 - 3 = 0. Suppose j*t - 23 = 76. Calculate the remainder when t is divided by k.
16
Suppose 3*k + 4 = -4*w + 200, 4*w - 4*k - 224 = 0. Calculate the remainder when w is divided by 28.
24
Let m be (6/4)/(3/52). Suppose -5 = 2*i - i - 3*r, -3*i - 3*r = -45. Let o = m - i. Calculate the remainder when o is divided by 9.
7
Suppose -3*m = 5*m - 304. Calculate the remainder when m is divided by 23.
15
Let o = 7 - 12. Let h = 2 + o. Calculate the remainder when (-26)/(-3) + 2/h is divided by 3.
2
Let c = 58 - 25. What is the remainder when c is divided by 9?
6
Suppose -88 + 28 = -5*j. Suppose -12 = 2*z - 106. Calculate the remainder when z is divided by j.
11
Let v(x) = -x**2 + 10*x - 7. Let k be v(9). Suppose 0 = -a - k*a + 42. Suppose -5*l + l + 160 = 0. Calculate the remainder when l is divided by a.
12
Let p be (-4)/6 - (-170)/30. Let g(w) = w**2 + w + 11. What is the remainder when g(p) is divided by 14?
13
Calculate the remainder when 131 - ((-18)/(-14) + (-18)/63) is divided by 11.
9
Let y(l) = 5*l + 15. Calculate the remainder when 163 is divided by y(8).
53
Let a(h) = 6*h - 18. Calculate the remainder when 71 is divided by a(6).
17
Suppose -2*f - 5 = 5*l, 3*f + l - 24 = 1. Let a(c) = 9*c**2 - 2*c - 2. Calculate the remainder when a(-2) is divided by f.
8
Suppose -g + 332 = g. What is the remainder when g is divided by 42?
40
Let k(l) = 3*l - 2 + 9 + 0*l. Let s be k(6). Suppose 0 = -y + 21 + s. What is the remainder when y is divided by 16?
14
Let f(n) = -n**3 + n**2 + 2. Let g be f(0). Suppose -30 = g*j - 4*j. Let z = 38 + -10. Calculate the remainder when z is divided by j.
13
Suppose 3*g - 36 = -3*y, -6*y + 2*y - 51 = -5*g. What is the remainder when 21 is divided by g?
10
Suppose 5*z - 255 = -4*w, -z + 46 - 112 = -w. Let f = w - 38. Calculate the remainder when f is divided by 15.
12
What is the remainder when 2/(-9) - (-1902)/54 is divided by 13?
9
Let f be 1 + (-6 + 3)/3. Suppose f = -4*u + 17 + 115. What is the remainder when u is divided by 12?
9
Suppose 2*l - 8 = -j, 4*l + 2*j - 18 = -j. Calculate the remainder when l is divided by 9/(-15) - 13/(-5).
1
Let d(b) = -b - 4. Let l be d(-6). Suppose -5*j + 52 = l*c, -4*j = -3*c + 88 - 10. Suppose 0 = 2*o - 26 - 2. What is the remainder when c is divided by o?
12
Let p(c) = 14*c - 25. Let a(z) = 3*z - 5. Let g(o) = 11*a(o) - 2*p(o). Suppose -10*i + 31 = -79. Calculate the remainder when g(7) is divided by i.
8
Let n(y) = -y + 14. Calculate the remainder when n(-11) is divided by 13.
12
Calculate the remainder when 4/6*(15 - 9) is divided by 3.
1
Let o(w) = -w - 15. Let u be o(-8). Let d = u - -24. What is